tors of 15797771?
11, 151, 9511
List the prime factors of 1571018.
2, 31, 25339
List the prime factors of 22145.
5, 43, 103
What are the prime factors of 16604726?
2, 73, 113731
List the prime factors of 2474495.
5, 494899
What are the prime factors of 373711?
13, 17, 19, 89
What are the prime factors of 36458458?
2, 18229229
List the prime factors of 20272976.
2, 17, 73, 1021
List the prime factors of 4453438.
2, 11, 47, 59, 73
List the prime factors of 1080679.
1080679
List the prime factors of 9877477.
9877477
What are the prime factors of 23052853?
137, 168269
List the prime factors of 142284.
2, 3, 71, 167
What are the prime factors of 1410435?
3, 5, 13, 2411
What are the prime factors of 261987?
3, 11, 17, 467
List the prime factors of 59447.
59447
List the prime factors of 1038881.
1038881
List the prime factors of 183921.
3, 101, 607
What are the prime factors of 1726622?
2, 17, 43, 1181
What are the prime factors of 456885?
3, 5, 11, 13, 71
What are the prime factors of 5036808?
2, 3, 7, 4283
What are the prime factors of 20585125?
5, 11, 1361
List the prime factors of 5675501.
13, 17, 61, 421
What are the prime factors of 545176?
2, 68147
List the prime factors of 1720142.
2, 860071
What are the prime factors of 978362?
2, 7, 11, 6353
What are the prime factors of 1434012?
2, 3, 73, 1637
List the prime factors of 1397590.
2, 5, 139759
List the prime factors of 2344122.
2, 3, 11, 11839
What are the prime factors of 183278?
2, 91639
What are the prime factors of 177896?
2, 37, 601
What are the prime factors of 305398?
2, 37, 4127
What are the prime factors of 117310?
2, 5, 11731
List the prime factors of 563131.
563131
What are the prime factors of 7439956?
2, 179, 10391
List the prime factors of 3365730.
2, 3, 5, 37397
List the prime factors of 53148.
2, 3, 43, 103
List the prime factors of 290919.
3, 96973
What are the prime factors of 1982689?
193, 10273
What are the prime factors of 263519?
263519
List the prime factors of 535327.
13, 41179
What are the prime factors of 830024?
2, 13, 23, 347
What are the prime factors of 162194?
2, 81097
List the prime factors of 7632433.
19, 401707
What are the prime factors of 14733471?
3, 4911157
List the prime factors of 2057555.
5, 79, 5209
What are the prime factors of 4924344?
2, 3, 19, 10799
What are the prime factors of 52977?
3, 17659
List the prime factors of 2052308.
2, 17, 30181
What are the prime factors of 2460327?
3, 820109
List the prime factors of 341235.
3, 5, 7583
List the prime factors of 14504825.
5, 17, 34129
What are the prime factors of 4931763?
3, 353, 4657
What are the prime factors of 5650834?
2, 7, 17, 23743
List the prime factors of 1229951.
79, 15569
What are the prime factors of 15554?
2, 7, 11, 101
What are the prime factors of 694294?
2, 41, 8467
List the prime factors of 3063370.
2, 5, 19, 23, 701
What are the prime factors of 1817348?
2, 13, 34949
List the prime factors of 5188413.
3, 67, 83, 311
List the prime factors of 180794.
2, 90397
What are the prime factors of 17427?
3, 37, 157
List the prime factors of 10986136.
2, 7, 196181
What are the prime factors of 8154823?
8154823
List the prime factors of 26783982.
2, 3, 797, 1867
List the prime factors of 8723868.
2, 3, 726989
List the prime factors of 1060815.
3, 5, 7, 10103
List the prime factors of 7648129.
389, 19661
List the prime factors of 11938777.
17, 702281
What are the prime factors of 54522?
2, 3, 13, 233
What are the prime factors of 4827406?
2, 19, 127037
What are the prime factors of 11404129?
11, 307
List the prime factors of 14062235.
5, 11, 167, 1531
What are the prime factors of 393959?
151, 2609
List the prime factors of 3332.
2, 7, 17
What are the prime factors of 2765043?
3, 102409
What are the prime factors of 1036798?
2, 7, 103, 719
What are the prime factors of 829213?
7, 11, 89
What are the prime factors of 439753?
439753
List the prime factors of 6812001.
3, 7, 108127
What are the prime factors of 6369038?
2, 13, 29, 8447
List the prime factors of 2324810.
2, 5, 383, 607
What are the prime factors of 635517?
3, 241, 293
What are the prime factors of 79295?
5, 15859
List the prime factors of 53960.
2, 5, 19, 71
List the prime factors of 2502636.
2, 3, 208553
What are the prime factors of 101141?
101141
List the prime factors of 21389549.
67, 131, 2437
List the prime factors of 11439867.
3, 3813289
What are the prime factors of 3268128?
2, 3, 59, 577
List the prime factors of 14599387.
11, 1327217
What are the prime factors of 3987494?
2, 7, 271, 1051
List the prime factors of 10080898.
2, 17, 107, 163
List the prime factors of 6299696.
2, 13, 31, 977
What are the prime factors of 52629?
3, 53, 331
What are the prime factors of 3503192?
2, 7, 11, 47
List the prime factors of 1643929.
7, 234847
List the prime factors of 8242142.
2, 23, 233, 769
List the prime factors of 56430.
2, 3, 5, 11, 19
List the prime factors of 133401.
3, 53, 839
What are the prime factors of 151494?
2, 3, 7, 3607
List the prime factors of 22819880.
2, 5, 570497
List the prime factors of 1194081.
3, 7, 8123
List the prime factors of 16080066.
2, 3, 297779
List the prime factors of 3582415.
5, 716483
List the prime factors of 915502.
2, 7, 65393
List the prime factors of 301767.
3, 17, 61, 97
List the prime factors of 1151230.
2, 5, 115123
What are the prime factors of 11392657?
11392657
List the prime factors of 1800020.
2, 5, 90001
What are the prime factors of 161931?
3, 7, 11, 701
List the prime factors of 480416.
2, 15013
List the prime factors of 1135184.
2, 70949
What are the prime factors of 23710718?
2, 11855359
What are the prime factors of 254967?
3, 37, 2297
What are the prime factors of 34553644?
2, 8638411
List the prime factors of 565009.
401, 1409
What are the prime factors of 9462714?
2, 3, 1577119
What are the prime factors of 54743?
13, 4211
What are the prime factors of 4695415?
5, 31, 30293
What are the prime factors of 125835?
3, 5, 8389
What are the prime factors of 26210345?
5, 7, 17, 29, 31
List the prime factors of 3249240.
2, 3, 5, 27077
List the prime factors of 8925.
3, 5, 7, 17
What are the prime factors of 11121315?
3, 5, 17, 43613
What are the prime factors of 641833?
641833
What are the prime factors of 7558148?
2, 13, 145349
List the prime factors of 93407.
93407
What are the prime factors of 809229?
3, 19, 14197
List the prime factors of 3855527.
13, 296579
What are the prime factors of 210644?
2, 7, 7523
List the prime factors of 22554791.
7, 3222113
List the prime factors of 1277265.
3, 5, 11, 7741
List the prime factors of 5425998.
2, 3, 43, 21031
List the prime factors of 29490298.
2, 283, 52103
What are the prime factors of 4960716?
2, 3, 101, 4093
List the prime factors of 22685151.
3, 307, 24631
What are the prime factors of 1265810?
2, 5, 7, 13, 107
List the prime factors of 345208.
2, 43151
List the prime factors of 5407244.
2, 41, 32971
List the prime factors of 634881.
3, 13, 73, 223
List the prime factors of 554224.
2, 11, 47, 67
What are the prime factors of 61899?
3, 47, 439
List the prime factors of 1233146.
2, 17, 36269
List the prime factors of 188858.
2, 89, 1061
List the prime factors of 6827786.
2, 7, 71, 6869
What are the prime factors of 7816682?
2, 1889, 2069
List the prime factors of 247389.
3, 82463
What are the prime factors of 29138832?
2, 3, 37, 1823
What are the prime factors of 2362786?
2, 389, 3037
What are the prime factors of 449266?
2, 224633
List the prime factors of 148109.
13, 11393
What are the prime factors of 3059214?
2, 3, 83, 6143
What are the prime factors of 10641723?
3, 587, 6043
List the prime factors of 3202357.
1451, 2207
List the prime factors of 180576.
2, 3, 11, 19
List the prime factors of 3788742.
2, 3, 631457
List the prime factors of 983335.
5, 193, 1019
List the prime factors of 41982981.
3, 23, 29, 20981
List the prime factors of 19165645.
5, 3833129
List the prime factors of 1275236.
2, 318809
What are the prime factors of 469258?
2, 234629
List the prime factors of 3750671.
107, 35053
List the prime factors of 3433498.
2, 31, 79, 701
List the prime factors of 12759148.
2, 1783, 1789
What are the prime factors of 1524284?
2, 381071
What are the prime factors of 391991?
71, 5521
What are the prime factors of 47785?
5, 1